 -4 + (3 - -4) + -4.
1
6 + (-1 - 0) + -1 + -2
2
Calculate 6 + -7 + (1 - 5).
-5
1 + 3 + (1 - 5 - -3)
3
What is 11 + -8 + (-7 - 0 - -1)?
-3
Calculate (3 - (11 + -4)) + 7.
3
Evaluate -5 + (16 + -5 - 11).
-5
Evaluate (1 - 1) + -5 - (-7 + 5).
-3
Evaluate (-8 - (7 + -10)) + 3.
-2
(4 - (2 + 2)) + 2 + 2
4
Evaluate -5 + 13 + -1 + -4 - -1.
4
What is the value of (-3 - 1) + (1 - -3) + 0?
0
What is the value of (-11 - -6) + (7 - 7)?
-5
What is the value of (-14 - -6) + 6 - -2?
0
What is (1 - (4 + -5)) + -1?
1
What is 4 + -6 + 5 + -2 - -2?
3
What is (-5 - -10 - 2) + (0 - 3)?
0
6 + -2 + (1 - (-1 - -3))
3
Evaluate -1 + 0 + 8 + -12.
-5
54 + -57 + 1 + 1
-1
11 + -12 - (3 - -5 - 2)
-7
What is the value of -4 + (0 - -2) + (-5 - -2)?
-5
Calculate -11 + 2 + 11 + 6 + 0.
8
What is -1 - -1 - (119 - 114)?
-5
-2 + (-9 - (2 + -9)) - 3
-7
What is the value of (0 - (-2 + -5)) + -6?
1
Evaluate -34 - -37 - (1 - 1).
3
Evaluate 4 + -3 - (2 - 0) - 1.
-2
Evaluate 0 - (4 + 4 + -9).
1
Calculate -1 - (-8 + 1 + 6 + -9).
9
3 + 0 + -7 - -1
-3
What is the value of 0 - (-1 - 0 - (19 - 15))?
5
What is 1 - (5 + -1 + -2 + 0)?
-1
What is 4 + 2 + -3 - (-1 + 1)?
3
What is the value of (2 - (10 + 0)) + (-9 - -12)?
-5
Evaluate -1 + (-5 + 0 - -7).
1
What is the value of 6 + -4 + -15 + 11?
-2
Calculate (0 - 3) + -4 + 6.
-1
Calculate (-1 + (0 - 2) - -3) + -4.
-4
-10 + (23 - (13 - 1))
1
What is the value of -8 + (4 + 6 - 0)?
2
What is -2 + 1 + (-2 - -6) - 8?
-5
What is (-5 + 0 - (13 + -23)) + 4?
9
What is 2 - 2 - (-1 - -3)?
-2
Evaluate 4 - (-8 + (15 - (4 - 0))).
1
3 + (3 - 2) + -5 + 6
5
What is the value of (7 - 8) + -4 - (-3 + 1)?
-3
What is the value of (1 - -4) + -3 + 10 + -7?
5
Calculate (-6 - -1) + 0 + 5.
0
Calculate (-5 - -5) + (3 - 3).
0
-3 - (2 + -1 + 2 + -12)
6
What is 16 + -1 + (60 - 73)?
2
Evaluate 1 - 0 - (2 + 4 + -6).
1
What is the value of 5 + -8 - (0 + 2 - 0)?
-5
What is the value of 5 + -10 - (-5 + (2 - -3))?
-5
What is 2 - -1 - 1 - 5?
-3
Evaluate -7 + (-8 - (-6 - 0 - 15)).
6
Evaluate 6 + -2 - (6 - 0).
-2
What is 3 + (0 - 5) + 0 + 2?
0
What is 4 + -1 + -3 - -1?
1
What is -7 + (-7 - -4 - -5) - 2?
-7
What is the value of -8 + 11 + 5 - 6?
2
23 + (-17 - (-14 - -11))
9
What is the value of -3 + (0 - (-1 - 7))?
5
Calculate -1 - (2 - (1 + 1 - -3)).
2
What is (-2 - 1) + 0 + 1 + 1?
-1
Evaluate 4 + -1 + (3 - (15 - 4)).
-5
What is the value of 1 + -3 + (3 - 2)?
-1
What is the value of -2 - 1 - (0 + 0 + -1)?
-2
What is the value of 6 + (-6 - -2) + 4 + -1?
5
What is (-2 - -5) + -2 - 6?
-5
40 + -37 - (0 + 1 + 3)
-1
What is the value of 0 - 2 - (1 - (-4 - -9))?
2
What is 1 + 2 + -2 + -2?
-1
-2 - (-5 + 3) - 0
0
What is -1 - (-3 + -4 + 4)?
2
What is the value of 0 + 6 - (4 - (-3 - -8))?
7
What is 6 + ((-3 - 1) + 0 - -1)?
3
What is the value of 5 - ((3 - 4) + 4)?
2
What is the value of -1 - (0 + (0 - -3))?
-4
What is -8 - -1 - (-8 - 4 - -6)?
-1
Calculate -2 + 2 + 0 + 4 + -1.
3
(41 - 49) + 1 + 12
5
What is ((4 - 3) + -2 - -5) + -2?
2
Calculate -4 - (-3 - (-1 - 0)).
-2
What is (9 - 1) + 4 + (-8 - -2)?
6
4 + (1 - -2) + -4 - 0
3
35 + -34 - (0 + -1)
2
What is the value of 8 + 3 - (19 + 0)?
-8
Calculate 9 + (-2 - 3) + 2 - 6.
0
What is the value of 3 + -1 + (-4 - 2 - -1)?
-3
(-3 - -4) + 3 + -2
2
What is the value of 10 - (2 + 5) - 6 - 3?
-6
What is 8 + -11 - (-6 + 0 + -2)?
5
(-1 + 6 - (0 - -2)) + -4
-1
Calculate (22 - 19) + (3 + -1 - 7).
-2
Evaluate 6 + -9 + (0 - -2) + 2.
1
Evaluate -4 - -1 - 3 - -2 - -3.
-1
-2 + 0 + -3 + 2 + 4
1
8 - (-6 + 9 + 1)
4
Evaluate 7 + (7 + -19 - -5) + 8.
8
Calculate (-9 - 1 - -26) + -9.
7
7 + 2 + -6 + -4 - -5
4
4 - (0 - 4 - -4 - -8)
-4
Evaluate (6 - 12) + 6 - 5.
-5
Evaluate -3 + -4 + 1 + 12.
6
Evaluate 15 - 9 - (-1 + 4).
3
Evaluate -8 + 3 + (0 - 2) + 3.
-4
Evaluate (-3 - -2) + 0 - 4.
-5
-1 - (2 - (0 - -1))
-2
Calculate -6 + -5 + 2 + 6 + -2.
-5
What is 3 + 2 - (-2 + 1 + 1)?
5
Evaluate (-3 + 1 - -6) + 4 + -7.
1
What is (-2 - -8) + -6 - 9?
-9
1 - (-8 + 6 + -2)
5
Calculate (-1 - (-1 + 3 - 0)) + 4.
1
What is 0 + 5 + (-15 - -12)?
2
What is the value of 13 + (-12 - 1) - (1 + 2)?
-3
Evaluate -19 - (-4 + 0 + -7).
-8
What is the value of 6 - (-1 + 10 + 21 + -26)?
2
What is 105 + -99 - (1 + 6)?
-1
What is the value of -2 + -2 + 7 + -1?
2
Calculate (-30 + 23 - (-2 + -8)) + -1.
2
Calculate (-2 - 2 - 1) + -36 + 41.
0
What is -3 + (-5 - -7) + 1?
0
What is the value of (13 - 0) + (-64 - -59)?
8
What is -25 + 30 - (9 + (-2 - -2))?
-4
(4 + 1 - 1) + -4
0
Calculate (16 - (5 + -1)) + -12.
0
What is 2 - (3 - (2 + 1 - 3))?
-1
-12 - -5 - (0 - 0)
-7
Calculate -7 - (-3 - -6) - -16.
6
What is the value of 0 + (-3 - 2) - -9?
4
What is 1 + (4 - (-1 - 0))?
6
What is 4 + (3 - (-5 - -1) - 12)?
-1
Evaluate 13 + (-2 - (-6 - -9)) + -4.
4
-9 + 4 - (-6 - (1 - 6))
-4
Evaluate (-3 - 3) + 3 + 33 + -27.
3
Evaluate 1 + 15 + (4 - 10).
10
What is the value of -5 + (3 - 1 - 1)?
-4
What is (5 - (7 + 5)) + 0 + 6?
-1
Evaluate 0 - (0 + 4 + 1).
-5
Evaluate -2 + 0 + 2 + -4.
-4
Calculate (-1 - 2) + 5 + (6 - 3).
5
What is the value of -2 + -1 + 1 + -2?
-4
What is 2 + 3 + -5 + -2 + 0?
-2
Evaluate (-11 - (8 + -16)) + -3.
-6
What is 12 + -4 + -4 - (-6 + 5)?
5
What is 2 - 4 - ((3 - 8) + -2)?
5
What is -6 + 1 - (1 - 4)?
-2
2 + -1 - ((6 - 0) + -6)
1
-2 - 2 - (0 + 12 - 17)
1
What is (-1 - -1) + 0 + (5 - 2)?
3
What is -3 - (-2 - (-6 - (3 + -6)))?
-4
Evaluate 2 + -3 - (1 + -5) - -2.
5
Calculate 1 + (-7 - -12) + 2 + -12.
-4
Evaluate 0 + 1 + -2 - -5.
4
-9 + -3 - ((7 - 3) + -10)
-6
Evaluate 6 + (-2 - (-5 - -8)).
1
Calculate 3 - 1 - -1 - (-3 - -7).
-1
What is 0 - (0 + 2 - (1 - 0))?
-1
Evaluate -2 + (3 + -8 - -5) - -10.
8
Calculate 1 - 6 - (-3 + 5 + -4).
-3
Calculate 6 + -5 + -1 + 0 + 4.
4
Evaluate 3 + (-11 - (6 - 8)) + -1.
-7
Calculate -5 + (26 - 31 - (-3 + -1)).
-6
Evaluate -4 - (-1 - (1 - 1)).
-3
What is the value of 5 + 1 + -9 + 4?
1
(-9 - (1 - 5)) + 0
-5
Evaluate (-6 - -10 - -3) + -3.
4
Calculate 0 - 0 - (2 - (2 - 4)).
-4
-2 - (-3 + -2 + -5 + 4)
4
Calculate -10 + 4 - (-5 + -4).
3
(-7 + 6 - (0 + -1)) + 2
2
What is 10 - (-6 + -10 + 21)?
5
1 + -7 + (0 - -2)
-4
-2 + (2 - -5) + (1 - 5)
1
Calculate 0 + 8 + -3 - 1 - 2.
2
Calculate -201 + 199 - (6 - -1).
-9
Calculate -2 + 1 + (2 + -1 - 3).
-3
(-5 - (-6 + 0)) + -3
-2
(-4 - -8) + -4 + 4
4
Calculate -8 - (-2 - 5) - (-1 + 1).
-1
What is -1 - 3 - (-17 + 12)?
1
-1 + -2 + -11 + 17
3
What is the value of -5 + -4 + 9 - -1?
1
Calculate 1 + (-4 + 3 - 8).
-8
1 - (5 + -3 + -1 + 1)
-1
What is -10 + 12 + -2 + 8?
8
Evaluate (-3 - (2 - 4)) + 3.
2
What is the value of 3 + -4 + (-3 - 4) + 4?
-4
7 - (-8 + 4 + 7)
4
Evaluate 1 + -2 + -7 + 1 + 6.
-1
Evaluate -1 - (0 + -2) - -4.
5
What is the value of 7 + -20 + (14 - 1)?
0
Evaluate 3 + (1 + (7 - 4) - 2).
5
What is -6 + -5 + (17 - 5) + 6?
7
2 + 1 + -1 + (-15 - -17)
4
What is the value of (12 - 31 - -9) + 6?
-4
3 + -3 + 2 + -4 + -2
-4
Evaluate (4 - 11) + (-7 - (1 - 13)).
-2
What is the value of 4 + 2 + (6 - 16)?
-4
Calculate (-3 - 4 - -9) + -2.
0
-3 - 1 - 2 - -4
-2
What is 1 - ((-23 - -23) + (5 - 0))?
-4
Evaluate 4 + (-1 + 4 - -1) + -2.
6
What is the value of -1 + 3 + 2 + 0 - 2?
2
Evaluate (41 - 49) + 15 + 1.
8
What is the value of 0 + 1 + -3 + 1 + 3?
2
0 - (-16 + 11) - 9
-4
Evaluate -1 - -7 - (180 - 181).
7
Evaluate (1 - -6) + (5 - 1) + -6.
5
What is 2 + (-4 - 3 - -2)?
-3
Calculate (-8 - -23) + -14 - -6.
7
What is the value of (28 - 15 - 1) + -9?
3
Calculate -21 - -32 - (6 - 0).
5
What is 0 + 2 + (-3 - -1)?
0
What is 7 + -4 + (-9 - -5) + -5?
-6
What is 2 + 2 + (-42 - -47)?
9
Evaluate (2 + -2 - 0) + (1 - 1).
0
What is the value of 1 + (1 - (-4 + 3)) + -2?
1
(-1 - (-1 - 3) - 6) + 4
1
-3 + 4 - (3 + -7)
5
Calculate 5 - (0 - (5 - 7)).
3
What is 0 + -3 + -3 + (-3 - -14)?
5
Calculate 51 + -55 + (-1 - -6) + -2.
-1
0 + -5 + 3 - -3
1
Evaluate -2 - (4 - -4 - (5 + -1)).
-6
What is the value of -6 + 3 + -6 + 11?
2
What is the value of 0 + -3 + (0 - 1) + 5?
1
Evaluate (-7 - (-8 - 4)) + -5 + -1.
-1
What is the value of -9 + 0 + -4 + 9?
-4
5 + -7 - (-11 + 6)
3
Evaluate -2 + -1 + 6 + (-7 - 0).
-4
Evaluate -4 - (-1 - 1 - (-11 - -11)).
-2
What is the value of -4 + 6 - 16 - -6?
-8
What is (0 - -1) + 1 + (4 - 5)?
1
1 - (2 + 12 + -7)
-6
What is -4 - ((1 - -2) + 1 - 3)?
-5
Evaluate 1 - ((-3 - 0) + 1 + 3).
0
Calculate -4 + -1 - (-39 - -33).
1
-8 + 0 - (0 - 0 - 3)
-5
What is 0 - (-7 + 9) - -8?